{"id":122,"date":"2020-10-15T14:48:56","date_gmt":"2020-10-15T11:48:56","guid":{"rendered":"https:\/\/rk.johvi.ee\/?page_id=122"},"modified":"2020-10-15T14:48:56","modified_gmt":"2020-10-15T11:48:56","slug":"tagastuskast","status":"publish","type":"page","link":"https:\/\/rk.johvi.ee\/?page_id=122","title":{"rendered":"Tagastuskast"},"content":{"rendered":"<p>Raamatukogu v\u00e4lisuksel paiknevasse tagastuskasti saab raamatuid tagastada\u00a0ajal, kui raamatukogu on suletud (puhkep\u00e4evadel, \u00fcrituste, inventuuride jm ajal).<\/p>\n<p>Tagastuskasti t\u00fchjendatakse raamatukogu lahtiolekuaegadel ja tagastus vormistatakse andmebaasis hiljemalt tagastamisele j\u00e4rgneval t\u00f6\u00f6p\u00e4eval. Laenaja tuvastatakse raamatu v\u00f6\u00f6tkoodi abil.<\/p>\n","protected":false},"excerpt":{"rendered":"<p>Raamatukogu v\u00e4lisuksel paiknevasse tagastuskasti saab raamatuid tagastada\u00a0ajal, kui raamatukogu on suletud (puhkep\u00e4evadel, \u00fcrituste, inventuuride jm ajal). Tagastuskasti t\u00fchjendatakse raamatukogu lahtiolekuaegadel ja tagastus vormistatakse andmebaasis hiljemalt tagastamisele j\u00e4rgneval t\u00f6\u00f6p\u00e4eval. Laenaja tuvastatakse raamatu v\u00f6\u00f6tkoodi abil.<\/p>\n","protected":false},"author":2,"featured_media":0,"parent":0,"menu_order":0,"comment_status":"closed","ping_status":"closed","template":"","meta":{"_monsterinsights_skip_tracking":false,"_monsterinsights_sitenote_active":false,"_monsterinsights_sitenote_note":"","_monsterinsights_sitenote_category":0,"ngg_post_thumbnail":0,"footnotes":""},"class_list":["post-122","page","type-page","status-publish","hentry"],"_links":{"self":[{"href":"https:\/\/rk.johvi.ee\/index.php?rest_route=\/wp\/v2\/pages\/122","targetHints":{"allow":["GET"]}}],"collection":[{"href":"https:\/\/rk.johvi.ee\/index.php?rest_route=\/wp\/v2\/pages"}],"about":[{"href":"https:\/\/rk.johvi.ee\/index.php?rest_route=\/wp\/v2\/types\/page"}],"author":[{"embeddable":true,"href":"https:\/\/rk.johvi.ee\/index.php?rest_route=\/wp\/v2\/users\/2"}],"replies":[{"embeddable":true,"href":"https:\/\/rk.johvi.ee\/index.php?rest_route=%2Fwp%2Fv2%2Fcomments&post=122"}],"version-history":[{"count":1,"href":"https:\/\/rk.johvi.ee\/index.php?rest_route=\/wp\/v2\/pages\/122\/revisions"}],"predecessor-version":[{"id":123,"href":"https:\/\/rk.johvi.ee\/index.php?rest_route=\/wp\/v2\/pages\/122\/revisions\/123"}],"wp:attachment":[{"href":"https:\/\/rk.johvi.ee\/index.php?rest_route=%2Fwp%2Fv2%2Fmedia&parent=122"}],"curies":[{"name":"wp","href":"https:\/\/api.w.org\/{rel}","templated":true}]}}