{"id":326,"date":"2020-10-19T14:26:03","date_gmt":"2020-10-19T11:26:03","guid":{"rendered":"https:\/\/rk.johvi.ee\/?page_id=326"},"modified":"2020-10-19T14:26:03","modified_gmt":"2020-10-19T11:26:03","slug":"raamatukogu-pohimaarus","status":"publish","type":"page","link":"https:\/\/rk.johvi.ee\/?page_id=326","title":{"rendered":"Raamatukogu p\u00f5him\u00e4\u00e4rus"},"content":{"rendered":"<p><img decoding=\"async\" class=\"aligncenter\" src=\"https:\/\/rk.johvi.ee\/images\/podr.jpg\" alt=\"podr\" \/><\/p>\n<p><strong>J\u00d5HVI VALLAVOLIKOGU <\/strong><strong>1. KOOSSEISU 37. ISTUNGI M\u00c4\u00c4RUS<\/strong><\/p>\n<p>J\u00f5hvis\u00a0 \u00a021. veebruaril 2008 nr <strong>110<\/strong><\/p>\n<p>J\u00f5hvi Keskraamatukogu p\u00f5him\u00e4\u00e4ruse kinnitamine<\/p>\n<p>M\u00e4\u00e4rus kehtestatakse rahvaraamatukogu seaduse \u00a7 6 ja \u00a7 13 l\u00f5ike 2 alusel.<\/p>\n<p><strong>\u00a7 1. \u00dclds\u00e4tted<\/strong><br \/>\n(1) J\u00f5hvi Keskraamatukogu (edaspidi raamatukogu) on J\u00f5hvi vallavalitsuse hallatav asutus.<br \/>\nRaamatukogu omab maakonnaraamatukogu staatust.<br \/>\n(2) Raamatukogu eesm\u00e4rk on tagada elanikele vaba ja piiramatu juurdep\u00e4\u00e4s informatsioonile, teadmistele, inimm\u00f5tte saavutustele ning kultuurile, toetada elukestvat \u00f5ppimist ja eneset\u00e4iendamist.<br \/>\n(3) Raamatukogu juhindub oma tegevuses Rahvaraamatukogu seadusest, UNESCO rahvaraamatukogude manifestist, muudest \u00f5igusaktidest ja k\u00e4esolevast p\u00f5him\u00e4\u00e4rusest.<br \/>\n(4) Raamatukogu teeninduspiirkond on J\u00f5hvi vald.<br \/>\n(5) Raamatukogu ametlik nimetus on J\u00f5hvi Keskraamatukogu.<br \/>\n(6) Raamatukogu asukoht ja aadress on Ida-Viru maakond, J\u00f5hvi vald, J\u00f5hvi linn, Rakvere 13a, postiindeks 41533.<br \/>\n(7) Raamatukogul on oma logo kujutise ja nimega pitsat, s\u00fcmboolika.<br \/>\n(8) Raamatukogu struktuuris on komplekteerimisosakond, teenindusosakond, lastekirjanduse osakond, avatud interneti punkt, laenutuspunkt J\u00f5hvi eakate p\u00e4evakeskuses ja Tammiku raamatukogu.<br \/>\n(9) Raamatukogul on oma eelarve, mis on vallaeelarve osa.<\/p>\n<p><strong>\u00a7 2. Raamatukogu \u00fclesanded<\/strong><br \/>\n(1) Raamatukogu on universaalse koostisega \u00fcldkasutatav rahvaraamatukogu, mille p\u00f5hiteenused (teavikute kohapeal kasutamine ja kojulaenutus) on tasuta.<br \/>\n(2) Tegevuse eesm\u00e4rkide t\u00e4itmiseks raamatukogu:<br \/>\n1) osutab p\u00f5hiteenuseid J\u00f5hvi valla ja Ida-Viru maakonna elanikele ning teistele soovijatele vastavalt Rahvaraamatukogu seadusele, teistele \u00f5igusaktidele ja raamatukogu kasutamise eeskirjale;<br \/>\n2) komplekteerib, s\u00e4ilitab ja teeb oma kogud ning elektroonilised andmebaasid kasutajale k\u00e4ttesaadavaks;<br \/>\n3) t\u00e4idab maakonnaraamatukogu \u00fclesandeid;<br \/>\n4) osutab tasulisi eriteenuseid (paljundust\u00f6\u00f6d, v\u00e4ljatr\u00fckid \u00fcldkasutatavatest andmebaasidest jms); eriteenuste eest v\u00f5etava tasu suuruse kinnitab J\u00f5hvi vallavalitsus (edaspidi vallavalitsus);<br \/>\n5) osaleb J\u00f5hvi valla arengukava eeln\u00f5u v\u00e4ljat\u00f6\u00f6tamises, teeb koost\u00f6\u00f6d teiste omavalitsus\u00fcksustega;<br \/>\n6) korraldab raamatun\u00e4itusi, kirjandus\u00fcritusi, kohtumisi, loenguid;<br \/>\n7) korraldab raamatukogus puuduvate teavikute tellimist teistest raamatukogudest lugeja soovil ja kulul;<br \/>\n8) teeb koost\u00f6\u00f6d teiste Eesti ja v\u00e4lismaa raamatukogudega;<br \/>\n9) korraldab erialast n\u00f5ustamist ja raamatukogut\u00f6\u00f6tajate t\u00e4iendkoolitust;<br \/>\n10) osutab interneti teenuseid ning tagab avalikule teabele \u00fcldkasutatava andmesidev\u00f5rgu kaudu juurdep\u00e4\u00e4su;<br \/>\n11) korraldab raamatukogu t\u00f6\u00f6 arvestust ning esitab vastavad aruanded.<br \/>\n(3) Raamatukogu j\u00e4rjepideva arengu tagamiseks koostatakse v\u00e4hemalt neljaks eelseisvaks aastaks arengukava, mille kinnitab J\u00f5hvi Vallavalitsus m\u00e4\u00e4rusega.<br \/>\n(4) Arengukava peab kajastama raamatukogu tegevus- ja arengusuundi ning olema koosk\u00f5las valla arengukavaga.<\/p>\n<p><strong>\u00a7 3. Raamatukogu juhtimine ja tegevuse korraldamine<\/strong><br \/>\n(1) Raamatukogu t\u00f6\u00f6d juhib direktor, kellega s\u00f5lmib t\u00f6\u00f6lepingu vallavanem, koosk\u00f5lastades selle eelnevalt vallavalitsusega.<br \/>\n(2) Raamatukogu direktoril peab olema raamatukogunduse v\u00f5i infoteaduste k\u00f5rgharidus v\u00f5i raamatukoguhoidja kutsekvalifikatsiooni IV aste.<br \/>\n(3) Direktori vaba ametikoha t\u00e4itmiseks korraldatakse avalik konkurss. Konkursi kuulutab v\u00e4lja ja konkursi korra kehtestab vallavalitsus.<br \/>\n(4) Raamatukogu teenindus tagatakse raamatukoguhoidja kutsekvalifikatsiooni n\u00f5uetele vastavate t\u00f6\u00f6tajate ja muu personaliga.<br \/>\n(5) Direktor<br \/>\n1) tagab raamatukogu p\u00f5hi\u00fclesannete t\u00e4itmise ning kannab vastutust raamatukogu arengu ja rahaliste vahendite \u00f5igusp\u00e4rase kasutamise eest;<br \/>\n2) esindab raamatukogu;<br \/>\n3) koostab eelarve projekti eeln\u00f5u, tagab eelarve t\u00e4itmise ning vastutab eelarve t\u00e4itmise eest;<br \/>\n4) s\u00f5lmib lepinguid oma p\u00e4devuse piires;<br \/>\n5) s\u00f5lmib, muudab, peatab ja l\u00f5petab t\u00f6\u00f6lepinguid raamatukogu t\u00f6\u00f6tajatega, m\u00e4\u00e4rab kindlaks t\u00f6\u00f6tajate t\u00f6\u00f6\u00fclesanded, \u00f5igused, kohustused ja vastutuse, kohaldab distsiplinaarkaristusi ja ergutusi ning kinnitab k\u00e4skkirjaga ameti- ja t\u00f6\u00f6juhendid;<br \/>\n6) annab raamatukogu t\u00f6\u00f6 korraldamiseks k\u00e4skkirju;<br \/>\n7) korraldab raamatukogu arengukava koostamise ning vastutab selle t\u00e4htaegse kinnitamise ja ajakohasuse eest;<br \/>\n8) korraldab raamatukogu asjaajamist, aruannete koostamist ja esitamist vastavalt kehtestatud korrale;<br \/>\n9) kinnitab k\u00e4skkirjaga t\u00f6\u00f6sisekorraeeskirja, tagab t\u00f6\u00f6tervishoiu ja t\u00f6\u00f6ohutuse n\u00f5uete t\u00e4itmise;<br \/>\n10) v\u00f5tab vastu otsuseid k\u00e4esoleva p\u00f5him\u00e4\u00e4ruse \u00a7 10 l\u00f5igetes 1-3 s\u00e4testatud juhtudel.<br \/>\n(6) Direktori asendaja tema \u00e4raolekul (puhkus, haigestumine) m\u00e4\u00e4rab vallavanem k\u00e4skkirjaga.<br \/>\n(7) Raamatukogu asjaajamise keel on eesti keel.<br \/>\n(8) Asjaajamise korraldamisel l\u00e4htub raamatukogu arhiiviseaduse, avaliku teabe seaduse, isikuandmete kaitse seaduse, digitaalallkirja seaduse, m\u00e4rgukirjale ja selgitustaotlusele vastamise seaduse s\u00e4tetest, Vabariigi Valitsuse kehtestatud asjaajamiskorra \u00fchtsetes alustes ja J\u00f5hvi valla asjaajamiskorras s\u00e4testatust.<br \/>\n(9) Raamatukogu asjaajamise korra kehtestab raamatukogu direktor oma k\u00e4skkirjaga.<\/p>\n<p><strong>\u00a7 4. Raamatukogu n\u00f5ukogu<\/strong><br \/>\n(1) Raamatukoguteeninduse korraldamise kohta ettepanekute tegemiseks, raamatukogu t\u00f6\u00f6 hindamiseks ja muude raamatukogu tegevust puudutavate oluliste k\u00fcsimuste l\u00e4biarutamiseks on raamatukogul n\u00f5ukogu (edaspidi n\u00f5ukogu).<br \/>\n(2) N\u00f5ukogu p\u00f5hi\u00fclesanne on raamatukogu tegevuse ja arenguga seotud k\u00fcsimuste koordineerimine ja n\u00f5ustamine ning vastavate ettepanekute tegemine vallavolikogule ja vallavalitsusele.<br \/>\n(3) N\u00f5ukogu p\u00e4devusse kuulub:<br \/>\n1) ettepanekute tegemine raamatukoguga seonduvate sihtprogrammide ja -projektide v\u00e4lja-t\u00f6\u00f6tamiseks ja nende v\u00e4ljat\u00f6\u00f6tamises osalemine;<br \/>\n2) raamatukogu tegevuse anal\u00fc\u00fcsimine ja ettepanekute tegemine arengukavade kohta;<br \/>\n3) muude raamatukogu tegevust puudutavate oluliste k\u00fcsimuste l\u00e4biarutamine ja vastavate ettepanekute tegemine vallavalitsusele;<br \/>\n4) eelarve eeln\u00f5u l\u00e4bivaatamine ja heakskiitmine;<br \/>\n5) arengukava eeln\u00f5u heakskiitmine;<br \/>\n6) mittevajalike teavikute tasuta \u00fcleandmise v\u00f5i m\u00fc\u00fcmise ettepanekute l\u00e4bivaatamine.<br \/>\n(4) Raamatukogu n\u00f5ukogu koosseisu kinnitab vallavalitsus oma korraldusega neljaks aastaks. N\u00f5ukogu on 5 liikmeline. N\u00f5ukogusse kuuluvad 2 lugejate, 1 raamatukogu t\u00f6\u00f6tajate, 1 vallavolikogu ja 1 vallavalitsuse esindaja. N\u00f5ukogu valib oma liikmete hulgast n\u00f5ukogu esimehe ja aseesimehe.<br \/>\n(5) N\u00f5ukogul on \u00f5igus kaasata oma t\u00f6\u00f6sse spetsialiste ja eksperte.<br \/>\n(6) N\u00f5ukogu koosolekud toimuvad vastavalt vajadusele, kuid mitte harvemini kui 2 korda aastas. N\u00f5ukogu koosoleku kutsub kokku n\u00f5ukogu esimees, tema \u00e4raoleku aseesimees. Koosoleku kokkukutsumisest informeeritakse n\u00f5ukogu liikmeid v\u00e4hemalt 7 p\u00e4eva enne koosoleku toimumist.<br \/>\n(7) N\u00f5ukogu teeb oma otsused poolth\u00e4\u00e4lteenamusega. N\u00f5ukogu on otsustusv\u00f5imeline, kui kohal on kaks kolmandikku liikmetest, sealhulgas esimees v\u00f5i aseesimees. N\u00f5ukogu otsused protokollitakse ja saadetakse igale liikmele. Protokollile kirjutavad alla koosoleku juhataja ja protokollija. N\u00f5ukogu m\u00e4\u00e4rab protokollija oma liikmete hulgast.<br \/>\n(8) N\u00f5ukogu koosolekutest v\u00f5tab osa raamatukogu direktor.<\/p>\n<p><strong>\u00a7 5. Raamatukogu t\u00f6\u00f6tajad<\/strong><br \/>\n(1) Raamatukogu t\u00f6\u00f6tajad on direktor, raamatukoguhoidjad ja muud t\u00f6\u00f6tajad.<br \/>\n(2) T\u00f6\u00f6tajate koosseisu m\u00e4\u00e4rab direktor koosk\u00f5lastatult vallavalitsusega.<br \/>\n(3) T\u00f6\u00f6tajate t\u00f6\u00f6\u00fclesanded m\u00e4\u00e4ratakse t\u00f6\u00f6lepingu ning ameti- ja t\u00f6\u00f6juhenditega.<\/p>\n<p><strong>\u00a7 6. Raamatukogu vara ja finantseerimine<\/strong><br \/>\n(1) Raamatukogu vara moodustavad vallavalitsuse ja teiste isikute poolt raamatukogule sihtotstarbeliseks valdamiseks, kasutamiseks ja k\u00e4sutamiseks antud maa, hooned, rajatised, seadmed, inventar ja muu vara. Vara on J\u00f5hvi valla omand.<br \/>\n(2) Raamatukogu valdab, kasutab ja k\u00e4sutab oma valduses olevat vara vastavalt vallavolikogu poolt kehtestatud korrale.<br \/>\n(3) Raamatukogu finantseeritakse:<br \/>\n1) J\u00f5hvi valla eelarvest;<br \/>\n2) riigieelarvest;<br \/>\n3) annetustest;<br \/>\n4) tema p\u00f5hitegevusega seotud p\u00f5him\u00e4\u00e4ruses s\u00e4testatud tasulistest teenustest;<br \/>\n5) laekumistest sihtasutustelt ja sihtkapitalidelt.<br \/>\n(4) J\u00f5hvi vald tagab:<br \/>\n1) raamatukogu t\u00f6\u00f6tajate t\u00f6\u00f6tasud, v\u00e4lja arvatud rahvaraamatukogu seaduse kohaselt toetusena riigieelarvest finantseeritavate t\u00f6\u00f6tajate t\u00f6\u00f6tasud;<br \/>\n2) kogude regulaarse varustatuse teavikutega l\u00e4htuvalt raamatukogu teeninduspiirkonna elanike arvust;<br \/>\n3) raamatukogu erip\u00e4rale vastavad ruumid, sisustuse ja majandamiskulud.<\/p>\n<p><strong>\u00a7 7. Kontroll, j\u00e4relvalve ja aruandlus<\/strong><br \/>\n(1) Kontrolli raamatukogu tegevuse \u00fcle teostatakse J\u00f5hvi valla p\u00f5him\u00e4\u00e4ruses ja muudes \u00f5igus-aktides kehtestatud korras.<br \/>\n(2) J\u00e4relvalvet maakonnaraamatukogu \u00fclesannete t\u00e4itmise \u00fcle teostab Ida-Viru maavanem.<br \/>\n(3) Raamatukogu esitab oma tegevuse kohta \u00f5igusaktides etten\u00e4htud aruanded. Vallavalitsus esitab Kultuuriministeeriumile aruande rahvaraamatukogule riigieelarvest eraldatud summade kasutamise kohta hiljemalt iga aasta 20.jaanuariks.<br \/>\n(4) Raamatukogu esitab Kultuuriministeeriumile maakonna rahvaraamatukogude statistilise ja sisulise t\u00f6\u00f6 koondaruande hiljemalt iga aasta 1. m\u00e4rtsiks.<\/p>\n<p><strong>\u00a7 8. Raamatukogu kogud, teenindus ja lugeja<\/strong><br \/>\n(1) Raamatukogu kogud on koostiselt universaalsed, sisaldades teeninduspiirkonna elanike p\u00f5hivajadustele vastavaid erinevates keeltes, eri t\u00fc\u00fcpi ja laadi teavikuid.<br \/>\n(2) Raamatukogu teeninduse korraldus, lugejate \u00f5igused, kohustused ja vastutus kehtestatakse raamatukogu kasutamise eeskirjas, mille kinnitab vallavolikogu.<br \/>\n(3) Raamatukogus asuvate ajalooliste ja suure kultuuriv\u00e4\u00e4rtusega teavikute arvestus ja s\u00e4ilitamine toimub \u00f5igusaktides kultuurim\u00e4lestiste kohta kehtestatud tingimustel ja korras.<br \/>\n(4) Avaliku teabe seaduse alusel \u00fcldkasutatava andmesidev\u00f5rgu kaudu avalikustatud teabega tutvumiseks v\u00f5imaldatakse teabe taotlejal kasutada arvutit. Kui \u00fcldkasutatava andmesidev\u00f5rgu kaudu avalikustatud teabele soovib juurdep\u00e4\u00e4su rohkem isikuid, kui raamatukogu j\u00f5uab \u00e4ra teenindada, korraldab raamatukogu soovijate eelregistreerimise. Raamatukogu t\u00f6\u00f6taja on kohustatud isikuid abistama riigi- ja kohaliku omavalitsuse asutuste veebilehtedele juurdep\u00e4\u00e4su saamiseks.<br \/>\n(5) Lugejalt v\u00f5ib n\u00f5uda teaviku kojulaenutamisel tagatist, kui:<br \/>\n1) lugeja rahvastikuregistrij\u00e4rgne elukoht ei ole J\u00f5hvi vald;<br \/>\n2) see on vajalik teaviku v\u00e4\u00e4rtuse t\u00f5ttu.<br \/>\n(6) L\u00f5ikes 6 nimetatud tagatise v\u00f5tmise ja tagastamise korra kehtestab vallavalitsus.<br \/>\n(7) Elanikele, kes tervisliku seisundi t\u00f5ttu ei ole v\u00f5imelised raamatukogu k\u00fclastama, korraldab raamatukogu nende soovil tasuta koduteeninduse.<\/p>\n<p><strong>\u00a7 9. Raamatukogule mittevajalike teavikute v\u00f5\u00f5randamine<\/strong><br \/>\n(1) Raamatukogule mittevajalike teavikute tasuta v\u00f5\u00f5randamise v\u00f5i m\u00fc\u00fcgi ettepaneku ja m\u00fc\u00fcgi-hinna otsustab ja m\u00e4\u00e4rab raamatukogu n\u00f5ukogu raamatukogu direktori taotluse alusel.<br \/>\n(2) Mittevajalikuks v\u00f5ib tunnistada teaviku:<br \/>\n1) mida on raamatukogu kogudes rohkem, kui raamatukogu teenindamiseks vaja on;<br \/>\n2) mille laenutamiseks puudub n\u00f5udlus;<br \/>\n3) mis on muutnud kasutusk\u00f5lbmatuks laenutamise eesm\u00e4rgil.<br \/>\n(3) Tasuta v\u00f5\u00f5randamiseks v\u00f5i m\u00fc\u00fcgiks eraldatud teavikuid on raamatukogu kohustatud esmalt pakkuma J\u00f5hvi valla teistele asutustele ja \u00fchingutele, eelk\u00f5ige haridus-, kultuuri- ja sotsiaalasutustele (haiglad, hoolekandeasutused, seltsid, keskused vms). Mittevajalikud teavikud kustutatakse raamatukogu kogudest \u00f5igusaktidega etten\u00e4htud korras<br \/>\n(4) Mittevajalikke teavikuid v\u00f5ib raamatukogu tasuta \u00fcle anda v\u00f5i m\u00fc\u00fca vastavalt direktori kinnitatud kustutusaktis m\u00e4rgitud otsusele ja m\u00fc\u00fcgihinnale.<br \/>\n(5) Teavikule l\u00fc\u00fcakse m\u00fc\u00fcgihinnaga tempel, mille kinnitab raamatukogu direktor v\u00f5i selleks direktori poolt k\u00e4skkirjaga volitatud t\u00f6\u00f6taja oma allkirja ja kuup\u00e4evaga.<br \/>\n(6) Teavikute m\u00fc\u00fcgi kohta v\u00e4ljastab raamatukogu kahes eksemplaris kviitungi, millest \u00fcks antakse ostjale ja teine j\u00e4\u00e4b raamatukogule. Kviitungid peavad olema nummerdatud ja varustatud raamatukogu templi ja m\u00fc\u00fcki korraldanud raamatukogu t\u00f6\u00f6taja allkirjaga.<br \/>\n(7) Teavikute m\u00fc\u00fcgist laekunud raha kantakse raamatukogu arvele laekumisena raamatukogu tasulistest teenustest.<br \/>\n(8) Mittevajalikke teavikuid v\u00f5ib tasuta v\u00f5\u00f5randada v\u00f5i m\u00fc\u00fca selleks spetsiaalselt korraldatud \u00fcritustel, muudel \u00fcritustel v\u00f5i raamatukogus eraldi selleks kohaldatud paigas.<br \/>\n(9) V\u00f5\u00f5randamata j\u00e4\u00e4nud teavikud utiliseeritakse selleks etten\u00e4htud korras.<\/p>\n<p><strong>\u00a7 10. Raamatukogu \u00fcmberkorraldamine ja tegevuse l\u00f5petamine<\/strong><br \/>\n(1) Raamatukogu \u00fcmberkorraldamine v\u00f5i tegevuse l\u00f5petamine toimub vallavolikogu otsusel \u00f5igusaktides s\u00e4testatud korras.<br \/>\n(2) Raamatukogu \u00fcmberkorraldamisest v\u00f5i tegevuse l\u00f5petamisest teatab vallavalitsus Kultuuriministeeriumile v\u00e4hemalt \u00fcks kuu enne kavandatavat t\u00e4htaega.<\/p>\n<p><strong>\u00a7 11. P\u00f5him\u00e4\u00e4ruse kinnitamine, muutmine ja j\u00f5ustumine<\/strong><br \/>\n(1) Raamatukogu p\u00f5him\u00e4\u00e4ruse kinnitab ja teeb selles muudatusi vallavolikogu ning raamatukogu registreeritakse riigi- ja kohaliku omavalitsuse asutuste riiklikus registris.<br \/>\n(2) Tunnistada kehtetuks J\u00f5hvi Vallavolikogu 26. jaanuari 2006.a. m\u00e4\u00e4rus nr 16 \u201cJ\u00f5hvi Keskraamatukogu p\u00f5him\u00e4\u00e4ruse kinnitamine\u201c.<br \/>\n(3) M\u00e4\u00e4rus j\u00f5ustub 25. veebruaril 2008.a.<\/p>\n<p>&nbsp;<\/p>\n<p>Niina Neglason<br \/>\nVolikogu esimees<\/p>\n","protected":false},"excerpt":{"rendered":"<p>J\u00d5HVI VALLAVOLIKOGU 1. KOOSSEISU 37. ISTUNGI M\u00c4\u00c4RUS J\u00f5hvis\u00a0 \u00a021. veebruaril 2008 nr 110 J\u00f5hvi Keskraamatukogu p\u00f5him\u00e4\u00e4ruse kinnitamine M\u00e4\u00e4rus kehtestatakse rahvaraamatukogu seaduse \u00a7 6 ja \u00a7 13 l\u00f5ike 2 alusel. \u00a7 1. \u00dclds\u00e4tted (1) J\u00f5hvi Keskraamatukogu (edaspidi raamatukogu) on J\u00f5hvi vallavalitsuse hallatav asutus. Raamatukogu omab maakonnaraamatukogu staatust. (2) Raamatukogu eesm\u00e4rk on tagada elanikele vaba ja piiramatu [&hellip;]<\/p>\n","protected":false},"author":2,"featured_media":0,"parent":0,"menu_order":0,"comment_status":"closed","ping_status":"closed","template":"","meta":{"_monsterinsights_skip_tracking":false,"_monsterinsights_sitenote_active":false,"_monsterinsights_sitenote_note":"","_monsterinsights_sitenote_category":0,"ngg_post_thumbnail":0,"footnotes":""},"class_list":["post-326","page","type-page","status-publish","hentry"],"_links":{"self":[{"href":"https:\/\/rk.johvi.ee\/index.php?rest_route=\/wp\/v2\/pages\/326","targetHints":{"allow":["GET"]}}],"collection":[{"href":"https:\/\/rk.johvi.ee\/index.php?rest_route=\/wp\/v2\/pages"}],"about":[{"href":"https:\/\/rk.johvi.ee\/index.php?rest_route=\/wp\/v2\/types\/page"}],"author":[{"embeddable":true,"href":"https:\/\/rk.johvi.ee\/index.php?rest_route=\/wp\/v2\/users\/2"}],"replies":[{"embeddable":true,"href":"https:\/\/rk.johvi.ee\/index.php?rest_route=%2Fwp%2Fv2%2Fcomments&post=326"}],"version-history":[{"count":1,"href":"https:\/\/rk.johvi.ee\/index.php?rest_route=\/wp\/v2\/pages\/326\/revisions"}],"predecessor-version":[{"id":327,"href":"https:\/\/rk.johvi.ee\/index.php?rest_route=\/wp\/v2\/pages\/326\/revisions\/327"}],"wp:attachment":[{"href":"https:\/\/rk.johvi.ee\/index.php?rest_route=%2Fwp%2Fv2%2Fmedia&parent=326"}],"curies":[{"name":"wp","href":"https:\/\/api.w.org\/{rel}","templated":true}]}}