{"id":331,"date":"2020-10-19T14:28:52","date_gmt":"2020-10-19T11:28:52","guid":{"rendered":"https:\/\/rk.johvi.ee\/?page_id=331"},"modified":"2025-02-12T12:21:43","modified_gmt":"2025-02-12T10:21:43","slug":"raamatukogu-arvudes","status":"publish","type":"page","link":"https:\/\/rk.johvi.ee\/?page_id=331","title":{"rendered":"Raamatukogu arvudes"},"content":{"rendered":"<p><strong>J\u00f5hvi Keskraamatukogu 2024. aastal<\/strong><\/p>\n<table border=\"1\" cellspacing=\"0\" cellpadding=\"0\">\n<tbody>\n<tr>\n<td>&nbsp;<\/td>\n<td>&nbsp;kogud&nbsp;<\/td>\n<td>&nbsp;kasutajad&nbsp;<\/td>\n<td>&nbsp;k\u00fclastused&nbsp;<\/td>\n<td>&nbsp;laenutused&nbsp;<\/td>\n<\/tr>\n<tr>\n<td>&nbsp;J\u00f5hvi Keskraamatukogu<\/td>\n<td>69 837<\/td>\n<td>2 269<\/td>\n<td>27 292<\/td>\n<td>58 356<\/td>\n<\/tr>\n<tr>\n<td>&nbsp;Tammiku raamatukogu<\/td>\n<td>7 550<\/td>\n<td>38<\/td>\n<td>416<\/td>\n<td>1 100<\/td>\n<\/tr>\n<tr>\n<td><strong>&nbsp;KOKKU<\/strong><\/td>\n<td><strong>77 387<\/strong><\/td>\n<td><strong>2 307<\/strong><\/td>\n<td><strong>27 708<\/strong><\/td>\n<td><strong>59 456<\/strong><\/td>\n<\/tr>\n<\/tbody>\n<\/table>\n<p><strong>J\u00f5hvi Keskraamatukogu 2023. aastal<\/strong><\/p>\n<table border=\"1\" cellspacing=\"0\" cellpadding=\"0\">\n<tbody>\n<tr>\n<td>&nbsp;<\/td>\n<td>&nbsp;kogud&nbsp;<\/td>\n<td>&nbsp;kasutajad&nbsp;<\/td>\n<td>&nbsp;k\u00fclastused&nbsp;<\/td>\n<td>&nbsp;laenutused&nbsp;<\/td>\n<\/tr>\n<tr>\n<td>&nbsp;J\u00f5hvi Keskraamatukogu<\/td>\n<td>69 888<\/td>\n<td>2 297<\/td>\n<td>26 403<\/td>\n<td>58 885<\/td>\n<\/tr>\n<tr>\n<td>&nbsp;Tammiku raamatukogu<\/td>\n<td>6 159<\/td>\n<td>57<\/td>\n<td>519<\/td>\n<td>1 363<\/td>\n<\/tr>\n<tr>\n<td><strong>&nbsp;KOKKU<\/strong><\/td>\n<td><strong>76 047<\/strong><\/td>\n<td><strong>2 354<\/strong><\/td>\n<td><strong>26 922<\/strong><\/td>\n<td><strong>60 248<\/strong><\/td>\n<\/tr>\n<\/tbody>\n<\/table>\n<p><strong>J\u00f5hvi Keskraamatukogu 2022. aastal<\/strong><\/p>\n<table border=\"1\" cellspacing=\"0\" cellpadding=\"0\">\n<tbody>\n<tr>\n<td>&nbsp;<\/td>\n<td>&nbsp;kogud&nbsp;<\/td>\n<td>&nbsp;kasutajad&nbsp;<\/td>\n<td>&nbsp;k\u00fclastused&nbsp;<\/td>\n<td>&nbsp;laenutused&nbsp;<\/td>\n<\/tr>\n<tr>\n<td>&nbsp;J\u00f5hvi Keskraamatukogu<\/td>\n<td>70 116<\/td>\n<td>2 288<\/td>\n<td>26 968<\/td>\n<td>56 079<\/td>\n<\/tr>\n<tr>\n<td>&nbsp;Tammiku raamatukogu<\/td>\n<td>7 558<\/td>\n<td>63<\/td>\n<td>924<\/td>\n<td>1 616<\/td>\n<\/tr>\n<tr>\n<td><strong>&nbsp;KOKKU<\/strong><\/td>\n<td><strong>77 674<\/strong><\/td>\n<td><strong>2 351<\/strong><\/td>\n<td><strong>27 892<\/strong><\/td>\n<td><strong>57 695<\/strong><\/td>\n<\/tr>\n<\/tbody>\n<\/table>\n<p>&nbsp;<\/p>\n","protected":false},"excerpt":{"rendered":"<p>J\u00f5hvi Keskraamatukogu 2024. aastal &nbsp; &nbsp;kogud&nbsp; &nbsp;kasutajad&nbsp; &nbsp;k\u00fclastused&nbsp; &nbsp;laenutused&nbsp; &nbsp;J\u00f5hvi Keskraamatukogu 69 837 2 269 27 292 58 356 &nbsp;Tammiku raamatukogu 7 550 38 416 1 100 &nbsp;KOKKU 77 387 2 307 27 708 59 456 J\u00f5hvi Keskraamatukogu 2023. aastal &nbsp; &nbsp;kogud&nbsp; &nbsp;kasutajad&nbsp; &nbsp;k\u00fclastused&nbsp; &nbsp;laenutused&nbsp; &nbsp;J\u00f5hvi Keskraamatukogu 69 888 2 297 26 403 58 885 [&hellip;]<\/p>\n","protected":false},"author":2,"featured_media":0,"parent":0,"menu_order":0,"comment_status":"closed","ping_status":"closed","template":"","meta":{"_monsterinsights_skip_tracking":false,"_monsterinsights_sitenote_active":false,"_monsterinsights_sitenote_note":"","_monsterinsights_sitenote_category":0,"ngg_post_thumbnail":0,"footnotes":""},"class_list":["post-331","page","type-page","status-publish","hentry"],"_links":{"self":[{"href":"https:\/\/rk.johvi.ee\/index.php?rest_route=\/wp\/v2\/pages\/331","targetHints":{"allow":["GET"]}}],"collection":[{"href":"https:\/\/rk.johvi.ee\/index.php?rest_route=\/wp\/v2\/pages"}],"about":[{"href":"https:\/\/rk.johvi.ee\/index.php?rest_route=\/wp\/v2\/types\/page"}],"author":[{"embeddable":true,"href":"https:\/\/rk.johvi.ee\/index.php?rest_route=\/wp\/v2\/users\/2"}],"replies":[{"embeddable":true,"href":"https:\/\/rk.johvi.ee\/index.php?rest_route=%2Fwp%2Fv2%2Fcomments&post=331"}],"version-history":[{"count":22,"href":"https:\/\/rk.johvi.ee\/index.php?rest_route=\/wp\/v2\/pages\/331\/revisions"}],"predecessor-version":[{"id":3699,"href":"https:\/\/rk.johvi.ee\/index.php?rest_route=\/wp\/v2\/pages\/331\/revisions\/3699"}],"wp:attachment":[{"href":"https:\/\/rk.johvi.ee\/index.php?rest_route=%2Fwp%2Fv2%2Fmedia&parent=331"}],"curies":[{"name":"wp","href":"https:\/\/api.w.org\/{rel}","templated":true}]}}