{"id":416,"date":"2020-10-20T10:50:15","date_gmt":"2020-10-20T07:50:15","guid":{"rendered":"https:\/\/rk.johvi.ee\/?page_id=416"},"modified":"2026-03-26T12:42:31","modified_gmt":"2026-03-26T10:42:31","slug":"tule-lugejaks","status":"publish","type":"page","link":"https:\/\/rk.johvi.ee\/?page_id=416","title":{"rendered":"Tule lugejaks"},"content":{"rendered":"<p>Kui oled otsustanud uurida, mida huvitavat leidub ja toimub meie raamatukogu lasteosakonnas, siis astu julgelt sisse!<\/p>\n<ul>\n<li>Lasteosakond asub teisel korrusel. Seal ootavad Sind ees \u00fcle 17.000 raamatu ja ajakirja (teaviku), mis aitavad Sind nii koolit\u00f6\u00f6s kui vaba aja sisustamisel.<\/li>\n<li>Seal saad Sa lugeda, koolit\u00f6id teha, arvutit kasutada, m\u00f5ne t\u00f5sise uurimist\u00f6\u00f6 ette v\u00f5tta, n\u00e4itusi vaadata, lauam\u00e4nge m\u00e4ngida, koomiksiajakirju sirvida, osaleda t\u00f6\u00f6tubades v\u00f5i m\u00f5nel toredal kohtumisel, v\u00f5tta osa \u00fchislugemistest ja veel paljust muust huvitavast osa saada.<\/li>\n<li>Sind ootavad raamatukoguhoidjad Gerri ja Reet, kes Sind alati aitavad ja juhendavad<\/li>\n<\/ul>\n<p><strong>Kuidas saada lugejaks?<\/strong><\/p>\n<ul>\n<li>V\u00f5ta kaasa pildi ja isikukoodiga dokument (ID-kaart, \u00f5pilaspilet v\u00f5i pass).<\/li>\n<li>Sul on v\u00f5imalus lasta endale vormistada lugejapilet, mis maksab 0,60 eurot.<\/li>\n<li>Lugejapiletina v\u00f5id kasutada ka ID-kaarti, kui oled ennast lugejaks registreerinud.<\/li>\n<li>V\u00f5ta lugejapilet v\u00f5i ID-kaart raamatukokku tulles alati kaasa!<\/li>\n<li>Pea meeles, et raamatuid v\u00f5id Sa laenutada vaid enda nimele!<\/li>\n<li>Koolieelikuid registreeritakse lugejaks lapsevanema n\u00f5usolekul. N\u00f5usoleku lehe saad raamatukogust, aga v\u00f5id selle ka&nbsp;<a href=\"https:\/\/rk.johvi.ee\/wp-content\/uploads\/2020\/10\/nousolek.pdf\">siit v\u00e4lja printida<\/a>&nbsp;ja raamatukokku tulles t\u00e4idetult kaasa v\u00f5tta.<\/li>\n<\/ul>\n","protected":false},"excerpt":{"rendered":"<p>Kui oled otsustanud uurida, mida huvitavat leidub ja toimub meie raamatukogu lasteosakonnas, siis astu julgelt sisse! Lasteosakond asub teisel korrusel. Seal ootavad Sind ees \u00fcle 17.000 raamatu ja ajakirja (teaviku), mis aitavad Sind nii koolit\u00f6\u00f6s kui vaba aja sisustamisel. Seal saad Sa lugeda, koolit\u00f6id teha, arvutit kasutada, m\u00f5ne t\u00f5sise uurimist\u00f6\u00f6 ette v\u00f5tta, n\u00e4itusi vaadata, lauam\u00e4nge [&hellip;]<\/p>\n","protected":false},"author":2,"featured_media":0,"parent":0,"menu_order":0,"comment_status":"closed","ping_status":"closed","template":"","meta":{"_monsterinsights_skip_tracking":false,"_monsterinsights_sitenote_active":false,"_monsterinsights_sitenote_note":"","_monsterinsights_sitenote_category":0,"ngg_post_thumbnail":0,"footnotes":""},"class_list":["post-416","page","type-page","status-publish","hentry"],"_links":{"self":[{"href":"https:\/\/rk.johvi.ee\/index.php?rest_route=\/wp\/v2\/pages\/416","targetHints":{"allow":["GET"]}}],"collection":[{"href":"https:\/\/rk.johvi.ee\/index.php?rest_route=\/wp\/v2\/pages"}],"about":[{"href":"https:\/\/rk.johvi.ee\/index.php?rest_route=\/wp\/v2\/types\/page"}],"author":[{"embeddable":true,"href":"https:\/\/rk.johvi.ee\/index.php?rest_route=\/wp\/v2\/users\/2"}],"replies":[{"embeddable":true,"href":"https:\/\/rk.johvi.ee\/index.php?rest_route=%2Fwp%2Fv2%2Fcomments&post=416"}],"version-history":[{"count":3,"href":"https:\/\/rk.johvi.ee\/index.php?rest_route=\/wp\/v2\/pages\/416\/revisions"}],"predecessor-version":[{"id":4560,"href":"https:\/\/rk.johvi.ee\/index.php?rest_route=\/wp\/v2\/pages\/416\/revisions\/4560"}],"wp:attachment":[{"href":"https:\/\/rk.johvi.ee\/index.php?rest_route=%2Fwp%2Fv2%2Fmedia&parent=416"}],"curies":[{"name":"wp","href":"https:\/\/api.w.org\/{rel}","templated":true}]}}