{"id":423,"date":"2020-10-20T10:55:34","date_gmt":"2020-10-20T07:55:34","guid":{"rendered":"https:\/\/rk.johvi.ee\/?page_id=423"},"modified":"2026-04-02T13:25:38","modified_gmt":"2026-04-02T10:25:38","slug":"mis-toimub-lasteosakonnas","status":"publish","type":"page","link":"https:\/\/rk.johvi.ee\/?page_id=423","title":{"rendered":"Mis toimub lasteosakonnas"},"content":{"rendered":"<p>Sul on v\u00f5imalus osaleda erinevatel \u00fcritustel, mis on seotud raamatute ja&nbsp;raamatutegelastega.<\/p>\n<ul>\n<li>Koolivaheaegadel v\u00f5id oma s\u00f5pradega tulla aega veetma raamatute ja lauam\u00e4ngude seltsis.<\/li>\n<li>4-10aastaseid lapsi ootame laup\u00e4eviti kell 12 laste <strong>jututuppa<\/strong>.&nbsp;<\/li>\n<li>Korraldame raamatukogu tutvustavaid ekskursioone ja raamatukogutunde.<\/li>\n<li>Kui meid kutsutakse, tuleme Sinu kooli v\u00f5i lasteaeda kohale, et tutvustada uusi raamatuid v\u00f5i r\u00e4\u00e4kida m\u00f5nel muul huvitaval teemal.<\/li>\n<li>Meie Lugemispesas leiad tegevust m\u00e4ngude festivali v\u00f5i m\u00f5ne muu \u00fclelinnalise laste\u00fcrituse ajal.<\/li>\n<\/ul>\n<p><strong>Laste jututuba laup\u00e4eviti kell 12.00:<\/strong><br \/>\n<strong>04.04<\/strong> Munap\u00fchad<br \/>\n<strong>11.04<\/strong> \u00dcleilmne \u00f5dede- vendade p\u00e4ev<br \/>\n<strong>18.04<\/strong> Tsirkusep\u00e4ev<br \/>\n<strong>25.04<\/strong> Raamatu ja roosi p\u00e4ev<\/p>\n<p><strong>K\u00e4sit\u00f6\u00f6tuba lastele neljap\u00e4eviti kell 15.00<br \/>\n(vanusele 10-14).<br \/>\n<\/strong>02.04, 09.04, 16.04, 23.04, 30.04<\/p>\n<p><strong>Loeme eesti keeles lastele reedeti kell 16.00<br \/>\n<\/strong><br \/>\n<strong>10.04<\/strong> V\u00e4ike rebane<br \/>\n<strong>17.04<\/strong> Tsirkusep\u00e4ev<\/p>\n<p><strong>N\u00e4itused:<br \/>\n<\/strong><\/p>\n<p><strong>\u201eMuistne Tallinn\u201c<\/strong><br \/>\nJ\u00f5hvi Kunstikooli \u00f5pilaste skulptuuride n\u00e4itus<br \/>\n\u00d5petaja Sergei Lotsmanov<\/p>\n<p>Rahvusvaheline lasteraamatup\u00e4ev<br \/>\n<strong>\u201eIstuta lugusid ja maailm \u00f5itseb\u201c<\/strong><\/p>\n<p><strong>XVIII Nukitsa konkurss.<br \/>\n<\/strong>Lapsi oodatakse valima populaarseimat lasteraamatut, mis on ilmunud viimase kahe aasta jooksul. H\u00e4\u00e4letada saab esilehel.<\/p>\n<p><strong>J\u00e4tkub&nbsp;<a href=\"https:\/\/elk.ee\/opetajale\/lugemisisu\/\">LUGEMISISU<\/a>&nbsp;programm.<\/strong><br \/>\nTule v\u00f5ta raamatupass, loe l\u00e4bi viis raamatut ja tule tagasi raamatukokku.<br \/>\nKoolidel on v\u00f5imalik tellida Lugemisisu t\u00f6\u00f6tubasid &#8220;Kust saab alguse raamat&#8221; ja &#8220;Ajakiri T\u00e4heke saamisloost&#8221;.<\/p>\n<p><a href=\"http:\/\/rk.johvi.ee\/wp-content\/uploads\/2021\/11\/Lugemisisu-uus-plakat-2.png\"><img fetchpriority=\"high\" decoding=\"async\" class=\"alignnone wp-image-2511 \" src=\"http:\/\/rk.johvi.ee\/wp-content\/uploads\/2021\/11\/Lugemisisu-uus-plakat-2-724x1024.png\" alt=\"\" width=\"388\" height=\"548\"><\/a><\/p>\n<p><strong>UUED RAAMATUD<\/strong><\/p>\n<p>Igal kuul saabub lasteosakonda \u00fcle 40 uue raamatu.<br \/>\nTutvuda uudiskirjanduse nimekirjaga eesti ja vene keeles saab lasteosakonnas.<\/p>\n","protected":false},"excerpt":{"rendered":"<p>Sul on v\u00f5imalus osaleda erinevatel \u00fcritustel, mis on seotud raamatute ja&nbsp;raamatutegelastega. Koolivaheaegadel v\u00f5id oma s\u00f5pradega tulla aega veetma raamatute ja lauam\u00e4ngude seltsis. 4-10aastaseid lapsi ootame laup\u00e4eviti kell 12 laste jututuppa.&nbsp; Korraldame raamatukogu tutvustavaid ekskursioone ja raamatukogutunde. Kui meid kutsutakse, tuleme Sinu kooli v\u00f5i lasteaeda kohale, et tutvustada uusi raamatuid v\u00f5i r\u00e4\u00e4kida m\u00f5nel muul huvitaval teemal. [&hellip;]<\/p>\n","protected":false},"author":2,"featured_media":0,"parent":0,"menu_order":0,"comment_status":"closed","ping_status":"closed","template":"","meta":{"_monsterinsights_skip_tracking":false,"_monsterinsights_sitenote_active":false,"_monsterinsights_sitenote_note":"","_monsterinsights_sitenote_category":0,"ngg_post_thumbnail":0,"footnotes":""},"class_list":["post-423","page","type-page","status-publish","hentry"],"_links":{"self":[{"href":"https:\/\/rk.johvi.ee\/index.php?rest_route=\/wp\/v2\/pages\/423","targetHints":{"allow":["GET"]}}],"collection":[{"href":"https:\/\/rk.johvi.ee\/index.php?rest_route=\/wp\/v2\/pages"}],"about":[{"href":"https:\/\/rk.johvi.ee\/index.php?rest_route=\/wp\/v2\/types\/page"}],"author":[{"embeddable":true,"href":"https:\/\/rk.johvi.ee\/index.php?rest_route=\/wp\/v2\/users\/2"}],"replies":[{"embeddable":true,"href":"https:\/\/rk.johvi.ee\/index.php?rest_route=%2Fwp%2Fv2%2Fcomments&post=423"}],"version-history":[{"count":198,"href":"https:\/\/rk.johvi.ee\/index.php?rest_route=\/wp\/v2\/pages\/423\/revisions"}],"predecessor-version":[{"id":4596,"href":"https:\/\/rk.johvi.ee\/index.php?rest_route=\/wp\/v2\/pages\/423\/revisions\/4596"}],"wp:attachment":[{"href":"https:\/\/rk.johvi.ee\/index.php?rest_route=%2Fwp%2Fv2%2Fmedia&parent=423"}],"curies":[{"name":"wp","href":"https:\/\/api.w.org\/{rel}","templated":true}]}}