{"id":425,"date":"2020-10-20T10:57:05","date_gmt":"2020-10-20T07:57:05","guid":{"rendered":"https:\/\/rk.johvi.ee\/?page_id=425"},"modified":"2020-10-20T10:57:05","modified_gmt":"2020-10-20T07:57:05","slug":"arvutite-kasutamine","status":"publish","type":"page","link":"https:\/\/rk.johvi.ee\/?page_id=425","title":{"rendered":"Arvutite kasutamine"},"content":{"rendered":"<p>Lasteosakonnas on 2 lugejaarvutit, millele saad aega kinni panna telefoni v\u00f5i e-posti teel ja kohapeal raamatukogus. Arvuti kasutusaeg on\u00a0<strong>2 tundi p\u00e4evas<\/strong>.<\/p>\n<ul>\n<li>Arvuti kasutamine on tasuta.<\/li>\n<li>T\u00e4iskasvanute lugemissaalis saad paljundada tekste, teha koopiaid, printida pilte. See teenus on tasuline. Vaata l\u00e4hemalt <a href=\"https:\/\/rk.johvi.ee\/?page_id=130\"><strong>siit \u2026<\/strong><\/a>.<\/li>\n<\/ul>\n<p>Arvutikasutaja meelespea:<\/p>\n<p>1. Ole arvuti taga \u00fcksinda.<\/p>\n<p>2. \u00c4ra sega teisi raamatukogus viibijaid.<\/p>\n<p>3. Kui arvuti ei t\u00f6\u00f6ta, p\u00f6\u00f6rdu raamatukoguhoidja poole.<\/p>\n<p>4. \u00c4ra ava ebas\u00fcndsaid pilte ja jutte sisaldavaid lehek\u00fclgi.<\/p>\n<p>5. \u00c4ra solva ega kahjusta kedagi internetis suheldes.<\/p>\n<p>6. Pea meeles, et k\u00f5ikidest Sinu tegemistest internetis j\u00e4\u00e4b arvutisse j\u00e4lg.<\/p>\n<p>7. \u00c4ra s\u00f6\u00f6 ega joo arvutite juures.<\/p>\n","protected":false},"excerpt":{"rendered":"<p>Lasteosakonnas on 2 lugejaarvutit, millele saad aega kinni panna telefoni v\u00f5i e-posti teel ja kohapeal raamatukogus. Arvuti kasutusaeg on\u00a02 tundi p\u00e4evas. Arvuti kasutamine on tasuta. T\u00e4iskasvanute lugemissaalis saad paljundada tekste, teha koopiaid, printida pilte. See teenus on tasuline. Vaata l\u00e4hemalt siit \u2026. Arvutikasutaja meelespea: 1. Ole arvuti taga \u00fcksinda. 2. \u00c4ra sega teisi raamatukogus viibijaid. [&hellip;]<\/p>\n","protected":false},"author":2,"featured_media":0,"parent":0,"menu_order":0,"comment_status":"closed","ping_status":"closed","template":"","meta":{"_monsterinsights_skip_tracking":false,"_monsterinsights_sitenote_active":false,"_monsterinsights_sitenote_note":"","_monsterinsights_sitenote_category":0,"ngg_post_thumbnail":0,"footnotes":""},"class_list":["post-425","page","type-page","status-publish","hentry"],"_links":{"self":[{"href":"https:\/\/rk.johvi.ee\/index.php?rest_route=\/wp\/v2\/pages\/425","targetHints":{"allow":["GET"]}}],"collection":[{"href":"https:\/\/rk.johvi.ee\/index.php?rest_route=\/wp\/v2\/pages"}],"about":[{"href":"https:\/\/rk.johvi.ee\/index.php?rest_route=\/wp\/v2\/types\/page"}],"author":[{"embeddable":true,"href":"https:\/\/rk.johvi.ee\/index.php?rest_route=\/wp\/v2\/users\/2"}],"replies":[{"embeddable":true,"href":"https:\/\/rk.johvi.ee\/index.php?rest_route=%2Fwp%2Fv2%2Fcomments&post=425"}],"version-history":[{"count":1,"href":"https:\/\/rk.johvi.ee\/index.php?rest_route=\/wp\/v2\/pages\/425\/revisions"}],"predecessor-version":[{"id":426,"href":"https:\/\/rk.johvi.ee\/index.php?rest_route=\/wp\/v2\/pages\/425\/revisions\/426"}],"wp:attachment":[{"href":"https:\/\/rk.johvi.ee\/index.php?rest_route=%2Fwp%2Fv2%2Fmedia&parent=425"}],"curies":[{"name":"wp","href":"https:\/\/api.w.org\/{rel}","templated":true}]}}