{"id":547,"date":"2020-10-22T13:26:36","date_gmt":"2020-10-22T10:26:36","guid":{"rendered":"https:\/\/rk.johvi.ee\/?page_id=547"},"modified":"2021-11-08T16:58:35","modified_gmt":"2021-11-08T14:58:35","slug":"%d0%b1%d0%b0%d0%b7%d1%8b-%d0%b4%d0%b0%d0%bd%d0%bd%d1%8b%d1%85","status":"publish","type":"page","link":"https:\/\/rk.johvi.ee\/?page_id=547&lang=ru","title":{"rendered":"\u0411\u0430\u0437\u044b \u0434\u0430\u043d\u043d\u044b\u0445"},"content":{"rendered":"<p><a href=\"http:\/\/www.lugeja.ee\/\" target=\"_blank\" rel=\"noopener noreferrer\">URRAM<\/a>&nbsp;\u2013 Eesti raamatukogude \u00fchiskataloog<\/p>\n<p><a href=\"http:\/\/www.kodulugu.ee\/\" target=\"_blank\" rel=\"noopener noreferrer\">KODULUGU<\/a>&nbsp;\u2013 Eesti rahvaraamatukogude \u00fchine koduloolise info talletamise s\u00fcsteem<\/p>\n<p><a href=\"https:\/\/www.ester.ee\/\" target=\"_blank\" rel=\"noopener noreferrer\">E-kataloog ESTER<\/a>&nbsp;\u2013 Eesti suurimate rahva- ja teadusraamatukogude koondkataloog<\/p>\n<p><a href=\"http:\/\/ise.elnet.ee\/\" target=\"_blank\" rel=\"noopener noreferrer\">ISE<\/a>&nbsp;\u2013 Eesti artiklite andmebaas<\/p>\n<p><a href=\"http:\/\/erb.nlib.ee\/\" target=\"_blank\" rel=\"noopener noreferrer\">ERB<\/a>&nbsp;\u2013 Eesti rahvusbibliograafia andmebaas<\/p>\n<p><a href=\"http:\/\/www.digar.ee\/arhiiv\/et\" target=\"_blank\" rel=\"noopener noreferrer\">DIGAR<\/a>&nbsp;\u2013 Rahvusraamatukogu kasutajakeskkond, mis pakub juurdep\u00e4\u00e4su digitaalarhiivis talletatud v\u00e4ljaannetele. Nende hulgas e-raamatuid, ajalehti, ajakirju, kaarte, noote, fotosid, postkaarte, plakateid, illustratsioone, audioraamatuid ning muusikafaile<\/p>\n<p><a href=\"http:\/\/search.ebscohost.com\/\" target=\"_blank\" rel=\"noopener noreferrer\">EBSCO<\/a>&nbsp;\u2013 Andmebaaside platvorm, mis sisaldab teadusajakirju, populaarteaduslikke ajakirju, raamatuid, \u00f5ppematerjale, pilte jm. EBSCO andmebaasid on terves Eestis tasuta, nende eest maksab Eesti riik. Kasutajatunnuse ja parooli saab raamatukogust<\/p>\n<p><a href=\"http:\/\/www.doaj.org\/\" target=\"_blank\" rel=\"noopener noreferrer\">DOAJ<\/a>&nbsp;\u2013 Directory of Open Access Journals&nbsp;vahendab erinevates keeltes teadusajakirju, mille artiklite t\u00e4istekstid on vabalt kasutatavad<\/p>\n<p><a href=\"http:\/\/dspace.utlib.ee\/dspace\" target=\"_blank\" rel=\"noopener noreferrer\">DSpace<\/a>&nbsp;\u2013 Tartu \u00dclikooli digikogu, sisaldab v\u00e4itekirju, haruldasi eesti- ja v\u00f5\u00f5rkeelseid tr\u00fckiseid, fotosid, k\u00e4sikirju<\/p>\n<p><a href=\"http:\/\/digi.lib.ttu.ee\/\" target=\"_blank\" rel=\"noopener noreferrer\">TT\u00dcR digikogu<\/a>&nbsp;\u2013 Tallinna Tehnika\u00fclikooli digikogu, sisaldab v\u00e4itekirju, e-\u00f5ppematerjale ning muid v\u00e4ljaandeid<\/p>\n<p><a href=\"https:\/\/www.etera.ee\/browse\" target=\"_blank\" rel=\"noopener\">ETERA<\/a> &#8211; Tallinna \u00dclikooli Akadeemilise Raamatukogu e-teadusraamatukogu, mis koondab endasse nii raamatukogu digiteeritud teaduskollektsioone kui ka digitaalsel kujul \u00fclikoolis s\u00fcndinud l\u00f5put\u00f6id<\/p>\n","protected":false},"excerpt":{"rendered":"<p>URRAM&nbsp;\u2013 Eesti raamatukogude \u00fchiskataloog KODULUGU&nbsp;\u2013 Eesti rahvaraamatukogude \u00fchine koduloolise info talletamise s\u00fcsteem E-kataloog ESTER&nbsp;\u2013 Eesti suurimate rahva- ja teadusraamatukogude koondkataloog ISE&nbsp;\u2013 Eesti artiklite andmebaas ERB&nbsp;\u2013 Eesti rahvusbibliograafia andmebaas DIGAR&nbsp;\u2013 Rahvusraamatukogu kasutajakeskkond, mis pakub juurdep\u00e4\u00e4su digitaalarhiivis talletatud v\u00e4ljaannetele. Nende hulgas e-raamatuid, ajalehti, ajakirju, kaarte, noote, fotosid, postkaarte, plakateid, illustratsioone, audioraamatuid ning muusikafaile EBSCO&nbsp;\u2013 Andmebaaside platvorm, mis [&hellip;]<\/p>\n","protected":false},"author":2,"featured_media":0,"parent":0,"menu_order":0,"comment_status":"closed","ping_status":"closed","template":"","meta":{"_monsterinsights_skip_tracking":false,"_monsterinsights_sitenote_active":false,"_monsterinsights_sitenote_note":"","_monsterinsights_sitenote_category":0,"ngg_post_thumbnail":0,"footnotes":""},"class_list":["post-547","page","type-page","status-publish","hentry"],"_links":{"self":[{"href":"https:\/\/rk.johvi.ee\/index.php?rest_route=\/wp\/v2\/pages\/547","targetHints":{"allow":["GET"]}}],"collection":[{"href":"https:\/\/rk.johvi.ee\/index.php?rest_route=\/wp\/v2\/pages"}],"about":[{"href":"https:\/\/rk.johvi.ee\/index.php?rest_route=\/wp\/v2\/types\/page"}],"author":[{"embeddable":true,"href":"https:\/\/rk.johvi.ee\/index.php?rest_route=\/wp\/v2\/users\/2"}],"replies":[{"embeddable":true,"href":"https:\/\/rk.johvi.ee\/index.php?rest_route=%2Fwp%2Fv2%2Fcomments&post=547"}],"version-history":[{"count":11,"href":"https:\/\/rk.johvi.ee\/index.php?rest_route=\/wp\/v2\/pages\/547\/revisions"}],"predecessor-version":[{"id":1044,"href":"https:\/\/rk.johvi.ee\/index.php?rest_route=\/wp\/v2\/pages\/547\/revisions\/1044"}],"wp:attachment":[{"href":"https:\/\/rk.johvi.ee\/index.php?rest_route=%2Fwp%2Fv2%2Fmedia&parent=547"}],"curies":[{"name":"wp","href":"https:\/\/api.w.org\/{rel}","templated":true}]}}