{"id":885,"date":"2021-10-29T10:52:34","date_gmt":"2021-10-29T07:52:34","guid":{"rendered":"https:\/\/rk.johvi.ee\/?page_id=885"},"modified":"2022-04-06T16:30:47","modified_gmt":"2022-04-06T13:30:47","slug":"meie-parimad","status":"publish","type":"page","link":"https:\/\/rk.johvi.ee\/?page_id=885","title":{"rendered":"Meie parimad"},"content":{"rendered":"<p><strong>Aasta maaraamatukoguhoidja 2021<\/strong><\/p>\n<p><img decoding=\"async\" class=\"\" src=\"https:\/\/f11.pmo.ee\/8njw3YcfMJhTU6XLP_i28Nx8pgE=\/685x0\/filters:focal(0x322:1738x1644)\/nginx\/o\/2022\/03\/07\/14412958t1h62d9.jpg\" alt=\"Raamatukogut\u00f6\u00f6tajad kasvatavad lugemisisu nii ettelugemiste, bingo kui ka pimekohtinguga - P\u00f5hjarannik\" width=\"105\" height=\"158\"><\/p>\n<p>Aasta maaraamatukoguhoidja tiitli v\u00f5ttis vastu <strong>Jaana Toss<\/strong>, kes juhib ja koordineerib Alutaguse valla kaheksa raamatukogu t\u00f6\u00f6d. Igap\u00e4evaselt teenindab ta lugejaid Kurtna raamatukogus ning toimetab Alutaguse valla ajalehte.<\/p>\n<p><strong>Aasta maaraamatukoguhoidja 2017<\/strong><strong>&nbsp; &nbsp; &nbsp; &nbsp; &nbsp;&nbsp;<\/strong><\/p>\n<p><strong><img decoding=\"async\" class=\"alignleft wp-image-818 size-thumbnail\" src=\"https:\/\/rk.johvi.ee\/wp-content\/uploads\/2021\/10\/Heili_3-150x150.jpg\" alt=\"\" width=\"100\" height=\"100\">Aasta maaraamatukoguhoidja 2017<\/strong>&nbsp;on Aseri raamatukogu juhataja <strong>Heili N\u00f5mmets<\/strong> kahe raamatukogu eduka \u00fchendamise, hubaseks kogukonnakeskuseks kujundamise ning e-teenuste ja koduteeninduse arendamise eest Aseri vallas. (<a href=\"https:\/\/rk.johvi.ee\/wp-content\/uploads\/2021\/10\/heili.pdf\" target=\"_blank\" rel=\"noopener\">Loe edasi \u2026<\/a>)<strong>&nbsp;<\/strong><\/p>\n<p>&nbsp;<\/p>\n<p><strong>Aasta maaraamatukoguhoidja 2015<\/strong><\/p>\n<p><img decoding=\"async\" class=\"alignleft size-full wp-image-817\" src=\"https:\/\/rk.johvi.ee\/wp-content\/uploads\/2021\/10\/lea.jpg\" alt=\"\" width=\"80\" height=\"100\">Auhinna \u201cAasta maaraamatukoguhoidja\u201d eesm\u00e4rk on v\u00e4\u00e4rtustada ja tunnustada maaraamatukoguhoidjat kutset\u00f6\u00f6s oma raamatukogus ja paikkonna elu edendamisel v\u00f5i Eesti raamatukogunduses aasta t\u00f6\u00f6tulemuste p\u00f5hjal. Auhinda annab v\u00e4lja Eesti Raamatukoguhoidjate \u00dching.<\/p>\n<p align=\"JUSTIFY\"><strong>Aasta maaraamatukoguhoidja 2015<\/strong>&nbsp;on Toila raamatukogu juhataja <strong>Lea Rand<\/strong> uute ja innovaatiliste algatuste eest Toila vallas ja raamatukogus ning aktiivse tegevuse eest kutse\u00fchingus maaraamatukoguhoidja maine positiivsel kujundamisel. (<a href=\"http:\/\/dea.digar.ee\/cgi-bin\/dea?a=d&amp;d=pohjarannik20160312.2.7.1\" target=\"_blank\" rel=\"noopener noreferrer\">Loe edasi\u2026<\/a>)<\/p>\n","protected":false},"excerpt":{"rendered":"<p>Aasta maaraamatukoguhoidja 2021 Aasta maaraamatukoguhoidja tiitli v\u00f5ttis vastu Jaana Toss, kes juhib ja koordineerib Alutaguse valla kaheksa raamatukogu t\u00f6\u00f6d. Igap\u00e4evaselt teenindab ta lugejaid Kurtna raamatukogus ning toimetab Alutaguse valla ajalehte. Aasta maaraamatukoguhoidja 2017&nbsp; &nbsp; &nbsp; &nbsp; &nbsp;&nbsp; Aasta maaraamatukoguhoidja 2017&nbsp;on Aseri raamatukogu juhataja Heili N\u00f5mmets kahe raamatukogu eduka \u00fchendamise, hubaseks kogukonnakeskuseks kujundamise ning e-teenuste ja [&hellip;]<\/p>\n","protected":false},"author":2,"featured_media":0,"parent":0,"menu_order":0,"comment_status":"closed","ping_status":"closed","template":"","meta":{"_monsterinsights_skip_tracking":false,"_monsterinsights_sitenote_active":false,"_monsterinsights_sitenote_note":"","_monsterinsights_sitenote_category":0,"ngg_post_thumbnail":0,"footnotes":""},"class_list":["post-885","page","type-page","status-publish","hentry"],"_links":{"self":[{"href":"https:\/\/rk.johvi.ee\/index.php?rest_route=\/wp\/v2\/pages\/885","targetHints":{"allow":["GET"]}}],"collection":[{"href":"https:\/\/rk.johvi.ee\/index.php?rest_route=\/wp\/v2\/pages"}],"about":[{"href":"https:\/\/rk.johvi.ee\/index.php?rest_route=\/wp\/v2\/types\/page"}],"author":[{"embeddable":true,"href":"https:\/\/rk.johvi.ee\/index.php?rest_route=\/wp\/v2\/users\/2"}],"replies":[{"embeddable":true,"href":"https:\/\/rk.johvi.ee\/index.php?rest_route=%2Fwp%2Fv2%2Fcomments&post=885"}],"version-history":[{"count":7,"href":"https:\/\/rk.johvi.ee\/index.php?rest_route=\/wp\/v2\/pages\/885\/revisions"}],"predecessor-version":[{"id":1167,"href":"https:\/\/rk.johvi.ee\/index.php?rest_route=\/wp\/v2\/pages\/885\/revisions\/1167"}],"wp:attachment":[{"href":"https:\/\/rk.johvi.ee\/index.php?rest_route=%2Fwp%2Fv2%2Fmedia&parent=885"}],"curies":[{"name":"wp","href":"https:\/\/api.w.org\/{rel}","templated":true}]}}