{"id":89,"date":"2020-10-15T13:57:45","date_gmt":"2020-10-15T10:57:45","guid":{"rendered":"https:\/\/rk.johvi.ee\/?page_id=89"},"modified":"2025-03-06T17:42:08","modified_gmt":"2025-03-06T15:42:08","slug":"andmebaasid","status":"publish","type":"page","link":"https:\/\/rk.johvi.ee\/?page_id=89","title":{"rendered":"Andmebaasid"},"content":{"rendered":"<p><a href=\"http:\/\/www.lugeja.ee\/\" target=\"_blank\" rel=\"noopener noreferrer\">URRAM<\/a>&nbsp;&#8211; Eesti raamatukogude \u00fchiskataloog<\/p>\n<p><a href=\"http:\/\/www.kodulugu.ee\/\" target=\"_blank\" rel=\"noopener noreferrer\">KODULUGU<\/a>&nbsp;&#8211; Eesti rahvaraamatukogude \u00fchine koduloolise info talletamise s\u00fcsteem<\/p>\n<p><a href=\"https:\/\/www.ester.ee\/\" target=\"_blank\" rel=\"noopener noreferrer\">E-kataloog ESTER<\/a>&nbsp;&#8211; Eesti suurimate rahva- ja teadusraamatukogude koondkataloog<\/p>\n<p><a href=\"http:\/\/ise.elnet.ee\/\" target=\"_blank\" rel=\"noopener noreferrer\">ISE<\/a>&nbsp;&#8211; Eesti artiklite andmebaas<\/p>\n<p><a href=\"http:\/\/erb.nlib.ee\/\" target=\"_blank\" rel=\"noopener noreferrer\">ERB<\/a>&nbsp;&#8211; Eesti rahvusbibliograafia andmebaas<\/p>\n<p><a href=\"http:\/\/www.digar.ee\/arhiiv\/et\" target=\"_blank\" rel=\"noopener noreferrer\">DIGAR<\/a>&nbsp;&#8211; Rahvusraamatukogu kasutajakeskkond, mis pakub juurdep\u00e4\u00e4su digitaalarhiivis talletatud v\u00e4ljaannetele. Nende hulgas e-raamatuid, ajalehti, ajakirju, kaarte, noote, fotosid, postkaarte, plakateid, illustratsioone, audioraamatuid ning muusikafaile<\/p>\n<p><a href=\"http:\/\/search.ebscohost.com\/\" target=\"_blank\" rel=\"noopener noreferrer\">EBSCO<\/a>&nbsp;&#8211; Andmebaaside platvorm, mis sisaldab teadusajakirju, populaarteaduslikke ajakirju, raamatuid, \u00f5ppematerjale, pilte jm. EBSCO andmebaasid on terves Eestis tasuta, nende eest maksab Eesti riik. Kasutajatunnuse ja parooli saab raamatukogust<\/p>\n<p><a href=\"http:\/\/www.doaj.org\/\" target=\"_blank\" rel=\"noopener noreferrer\">DOAJ<\/a>&nbsp;&#8211; Directory of Open Access Journals&nbsp;vahendab erinevates keeltes teadusajakirju, mille artiklite t\u00e4istekstid on vabalt kasutatavad<\/p>\n<p><a href=\"http:\/\/dspace.utlib.ee\/dspace\" target=\"_blank\" rel=\"noopener noreferrer\">DSpace<\/a>&nbsp;&#8211; Tartu \u00dclikooli digikogu, sisaldab v\u00e4itekirju, haruldasi eesti- ja v\u00f5\u00f5rkeelseid tr\u00fckiseid, fotosid, k\u00e4sikirju<\/p>\n<p><a href=\"http:\/\/digi.lib.ttu.ee\/\" target=\"_blank\" rel=\"noopener noreferrer\">TT\u00dcR digikogu<\/a>&nbsp;&#8211; Tallinna Tehnika\u00fclikooli digikogu, sisaldab v\u00e4itekirju, e-\u00f5ppematerjale ning muid v\u00e4ljaandeid<\/p>\n<p><a href=\"https:\/\/www.etera.ee\/browse\" target=\"_blank\" rel=\"noopener\">ETERA<\/a> &#8211; Tallinna \u00dclikooli Akadeemilise Raamatukogu e-teadusraamatukogu, mis koondab endasse nii raamatukogu digiteeritud teaduskollektsioone kui ka digitaalsel kujul \u00fclikoolis s\u00fcndinud l\u00f5put\u00f6id<\/p>\n<p><a href=\"https:\/\/www.rara.ee\/pimedate-raamatukogu\/veebiraamatukogu\/\">Eesti Pimedate Raamatukogu Veebiraamatukogu<\/a> &#8211; Veebiraamatukogu on Eesti Rahvusraamatukogu pimedate raamatukogu ja\u202f<a href=\"http:\/\/www.trumpit.ee\/\" target=\"_blank\" rel=\"noreferrer noopener\">Trumpit Solutions O\u00dc<\/a>\u202fkoost\u00f6\u00f6s loodud veebikeskkond pimedate raamatukogu lugejatele, mis sisaldab helisalvestisi ning elektroonilisi teavikuid<\/p>\n","protected":false},"excerpt":{"rendered":"<p>URRAM&nbsp;&#8211; Eesti raamatukogude \u00fchiskataloog KODULUGU&nbsp;&#8211; Eesti rahvaraamatukogude \u00fchine koduloolise info talletamise s\u00fcsteem E-kataloog ESTER&nbsp;&#8211; Eesti suurimate rahva- ja teadusraamatukogude koondkataloog ISE&nbsp;&#8211; Eesti artiklite andmebaas ERB&nbsp;&#8211; Eesti rahvusbibliograafia andmebaas DIGAR&nbsp;&#8211; Rahvusraamatukogu kasutajakeskkond, mis pakub juurdep\u00e4\u00e4su digitaalarhiivis talletatud v\u00e4ljaannetele. Nende hulgas e-raamatuid, ajalehti, ajakirju, kaarte, noote, fotosid, postkaarte, plakateid, illustratsioone, audioraamatuid ning muusikafaile EBSCO&nbsp;&#8211; Andmebaaside platvorm, mis [&hellip;]<\/p>\n","protected":false},"author":2,"featured_media":0,"parent":0,"menu_order":0,"comment_status":"closed","ping_status":"closed","template":"","meta":{"_monsterinsights_skip_tracking":false,"_monsterinsights_sitenote_active":false,"_monsterinsights_sitenote_note":"","_monsterinsights_sitenote_category":0,"ngg_post_thumbnail":0,"footnotes":""},"class_list":["post-89","page","type-page","status-publish","hentry"],"_links":{"self":[{"href":"https:\/\/rk.johvi.ee\/index.php?rest_route=\/wp\/v2\/pages\/89","targetHints":{"allow":["GET"]}}],"collection":[{"href":"https:\/\/rk.johvi.ee\/index.php?rest_route=\/wp\/v2\/pages"}],"about":[{"href":"https:\/\/rk.johvi.ee\/index.php?rest_route=\/wp\/v2\/types\/page"}],"author":[{"embeddable":true,"href":"https:\/\/rk.johvi.ee\/index.php?rest_route=\/wp\/v2\/users\/2"}],"replies":[{"embeddable":true,"href":"https:\/\/rk.johvi.ee\/index.php?rest_route=%2Fwp%2Fv2%2Fcomments&post=89"}],"version-history":[{"count":8,"href":"https:\/\/rk.johvi.ee\/index.php?rest_route=\/wp\/v2\/pages\/89\/revisions"}],"predecessor-version":[{"id":3748,"href":"https:\/\/rk.johvi.ee\/index.php?rest_route=\/wp\/v2\/pages\/89\/revisions\/3748"}],"wp:attachment":[{"href":"https:\/\/rk.johvi.ee\/index.php?rest_route=%2Fwp%2Fv2%2Fmedia&parent=89"}],"curies":[{"name":"wp","href":"https:\/\/api.w.org\/{rel}","templated":true}]}}